{"id":22,"date":"2017-10-30T20:51:22","date_gmt":"2017-10-30T19:51:22","guid":{"rendered":"http:\/\/nelmed.pl\/?page_id=22"},"modified":"2026-03-27T08:49:31","modified_gmt":"2026-03-27T07:49:31","slug":"badania","status":"publish","type":"page","link":"http:\/\/nelmed.pl\/index.php\/badania\/","title":{"rendered":"Otolaryngologia"},"content":{"rendered":"<h4><span style=\"color: #ff0000;\">NELMED OTORYNOLARYNGOLOGIA<\/span> to dwie specjalistyczne poradnie Otorynolaryngologiczne. Plac\u00f3wka w Opolu, zlokalizowana na ul. Aleja &#8222;Solidarno\u015bci&#8221; 26 od lat \u015bwiadczy ambulatoryjn\u0105 opiek\u0119 specjalistyczn\u0105 w dziedzinie otolaryngologii, audiologii i foniatrii, logopedii oraz neurologii. Plac\u00f3wka w Olesnie za\u015b &#8211; \u015bwiadczenia w zakresie otolaryngologii. Obie Poradnie realizuj\u0105 \u015bwiadczenia zar\u00f3wno w ramach umowy z Narodowym Funduszem Zdrowia, jak r\u00f3wnie\u017c komercyjnie.<\/h4>\n<h4><strong>NELMED<\/strong> to szeroka gama bada\u0144 z zakresu :<\/h4>\n<ul>\n<li>\n<h4>Otolaryngologii (r\u00f3wnie\u017c Otolaryngologii dla dzieci)<\/h4>\n<\/li>\n<li>\n<h4>Audiologii i Foniatrii<\/h4>\n<\/li>\n<li>\n<h4>Logopedii<\/h4>\n<\/li>\n<li>\n<h4>Zabieg\u00f3w laryngologicznych<\/h4>\n<\/li>\n<li><strong>Neurologii<\/strong><\/li>\n<\/ul>\n<h4>W naszych\u00a0<strong>Poradniach w Opolu i Ole\u015bnie<\/strong> prowadzone s\u0105 podstawowe badania, realizowane w ramach kontraktu z NFZ. Komercyjnie \u015bwiadczone s\u0105 r\u00f3wnie\u017c badania w zakresie Medycyny Pracy.<\/h4>\n<h4>W <strong>gabinecie otolaryngologicznym w Opolu<\/strong>, opr\u00f3cz standardowych porad medycznych, mo\u017cliwa jest szeroka gama bada\u0144 laryngologicznych, r\u00f3wnie\u017c wysoce specjalistycznych na profesjonalnym sprz\u0119cie medycznym :<\/h4>\n<div>\n<ul>\n<li>\n<h4>badanie endoskopowe ucha, nosa, nosogard\u0142a, krtani<\/h4>\n<\/li>\n<li>\n<h4>badanie s\u0142uchu,<\/h4>\n<\/li>\n<li>\n<h4>badania zaburze\u0144 r\u00f3wnowagi (VNG). W przypadku tego badania, prosimy o wcze\u015bniejszy kontakt telefoniczny, ze wzgl\u0119du na d\u0142u\u017cszy czas badania i konieczne przygotowanie pacjenta. Wi\u0119cej szczeg\u00f3\u0142\u00f3w w zak\u0142adce &#8222;Zaburzenia r\u00f3wnowagi&#8221;<\/h4>\n<\/li>\n<\/ul>\n<h4>W <strong>Krapkowickim Centrum Zdrowia<\/strong> realizujemy komercyjne zabiegi laryngologiczne. Wi\u0119cej w zak\u0142adce &#8222;Zabiegi operacyjne&#8221;<\/h4>\n<\/div>\n","protected":false},"excerpt":{"rendered":"<p>NELMED OTORYNOLARYNGOLOGIA to dwie specjalistyczne poradnie Otorynolaryngologiczne. Plac\u00f3wka w Opolu, zlokalizowana na ul. Aleja &#8222;Solidarno\u015bci&#8221; 26 od lat \u015bwiadczy ambulatoryjn\u0105 opiek\u0119 specjalistyczn\u0105 w dziedzinie otolaryngologii, audiologii i foniatrii, logopedii oraz neurologii. Plac\u00f3wka w Olesnie za\u015b &#8211; \u015bwiadczenia w zakresie otolaryngologii. Obie Poradnie realizuj\u0105 \u015bwiadczenia zar\u00f3wno w ramach umowy z Narodowym Funduszem Zdrowia, jak r\u00f3wnie\u017c komercyjnie.&#8230;<\/p>\n<p class=\"more-link\"><a href=\"http:\/\/nelmed.pl\/index.php\/badania\/\"><span>Read More<\/span><i>&#43;<\/i><\/a><\/p>\n","protected":false},"author":1,"featured_media":0,"parent":0,"menu_order":0,"comment_status":"closed","ping_status":"closed","template":"","meta":{"footnotes":""},"class_list":["post-22","page","type-page","status-publish","hentry"],"_links":{"self":[{"href":"http:\/\/nelmed.pl\/index.php\/wp-json\/wp\/v2\/pages\/22","targetHints":{"allow":["GET"]}}],"collection":[{"href":"http:\/\/nelmed.pl\/index.php\/wp-json\/wp\/v2\/pages"}],"about":[{"href":"http:\/\/nelmed.pl\/index.php\/wp-json\/wp\/v2\/types\/page"}],"author":[{"embeddable":true,"href":"http:\/\/nelmed.pl\/index.php\/wp-json\/wp\/v2\/users\/1"}],"replies":[{"embeddable":true,"href":"http:\/\/nelmed.pl\/index.php\/wp-json\/wp\/v2\/comments?post=22"}],"version-history":[{"count":16,"href":"http:\/\/nelmed.pl\/index.php\/wp-json\/wp\/v2\/pages\/22\/revisions"}],"predecessor-version":[{"id":736,"href":"http:\/\/nelmed.pl\/index.php\/wp-json\/wp\/v2\/pages\/22\/revisions\/736"}],"wp:attachment":[{"href":"http:\/\/nelmed.pl\/index.php\/wp-json\/wp\/v2\/media?parent=22"}],"curies":[{"name":"wp","href":"https:\/\/api.w.org\/{rel}","templated":true}]}}