{"id":174,"date":"2018-09-03T21:54:13","date_gmt":"2018-09-03T19:54:13","guid":{"rendered":"http:\/\/nelmed.pl\/?page_id=174"},"modified":"2026-04-14T20:20:54","modified_gmt":"2026-04-14T18:20:54","slug":"poradnie","status":"publish","type":"page","link":"http:\/\/nelmed.pl\/index.php\/poradnie\/","title":{"rendered":"Alergologia"},"content":{"rendered":"<div id=\"pl-gb174-69f2703b2dbb5\"  class=\"panel-layout wp-block-siteorigin-panels-layout-block\" ><div id=\"pg-gb174-69f2703b2dbb5-0\"  class=\"panel-grid panel-no-style\" ><div id=\"pgc-gb174-69f2703b2dbb5-0-0\"  class=\"panel-grid-cell\" ><div id=\"panel-gb174-69f2703b2dbb5-0-0-0\" class=\"so-panel widget widget_sow-editor panel-first-child panel-last-child\" data-index=\"0\" ><div\n\t\t\t\n\t\t\tclass=\"so-widget-sow-editor so-widget-sow-editor-base\"\n\t\t\t\n\t\t>\n<div class=\"siteorigin-widget-tinymce textwidget\">\n\t<p>ALERGOLOGIA to najm\u0142odsza nasza specjalizacja, kt\u00f3r\u0105 od 1 kwietnia 2026 poprowadzi dr Martyn\u0105 Gizler.<\/p>\n<\/div>\n<\/div><\/div><\/div><\/div><\/div>\n\n\n<p>dr Maryna Gizler o sobie:<\/p>\n\n\n\n<p>Jestem absolwentk\u0105 Akademii Medycznej im. Piast\u00f3w \u015al\u0105skich we Wroc\u0142awiu. Studia uko\u0144czy\u0142am w 2009 roku. W 2010 roku rozpocz\u0119\u0142am prac\u0119 w Uniwersyteckim Szpitalu Klinicznym w Opolu w Oddziale Pediatrii prowadz\u0105c jednocze\u015bnie szkolenie specjalizacyjne. Dyplom pediatry uzyska\u0142am w 2016 roku. Kolejnym krokiem by\u0142o podj\u0119cie szkolenia specjalizacyjnego z zakresu alergologii, egzamin zda\u0142am w 2021 roku, od tego czasu pracuj\u0119 w poradni alergologicznej USK w Opolu. Od pocz\u0105tku podj\u0119cia pracy zawodowej leczy\u0142am pacjent\u00f3w pediatrycznych w plac\u00f3wkach POZ. Ponadto w ostatnich dw\u00f3ch latach przekazywa\u0142am swoj\u0105 wiedz\u0119 z zakresu alergologii dzieci\u0119cej studentom Wydzia\u0142u Lekarskiego Akademii Medycznej w Opolu. Nalez\u0119 do Polskiego Towarzystwa Alergologicznego. Stale poszerzam swoj\u0105 wiedz\u0119 i umiej\u0119tno\u015bci bior\u0105c udzia\u0142 w licznych szkoleniach i konferencjach.<\/p>\n\n\n\n<p><strong>Poradnia alergologiczna<\/strong> prowadzi diagnostyk\u0119 i leczenie chor\u00f3b alergicznych u dzieci oraz doros\u0142ych. Post\u0119powanie kliniczne opiera si\u0119 na wytycznych Polskiego Towarzystwa Alergologicznego. \u0141\u0105czymy nowoczesne narz\u0119dzia laboratoryjne z indywidualnym planem terapii, kt\u00f3rego nadrz\u0119dnym celem jest d\u0142ugotrwa\u0142a kontrola objaw\u00f3w, ograniczenie ryzyka powik\u0142a\u0144 oraz poprawa jako\u015bci \u017cycia pacjent\u00f3w.<\/p>\n\n\n\n<p>Poradnia czynna b\u0119dzie:<\/p>\n\n\n\n<ul class=\"wp-block-list\">\n<li>\u015arody 16:00 &#8211; 19:00 (wizyty alergologiczne, pierwszorazowe)<\/li>\n\n\n\n<li>Pi\u0105tki 09:00 &#8211; 14:00 (wizyty kontrolne oraz pediatryczne)<\/li>\n<\/ul>\n\n\n\n<p><strong>Konsultacje wy\u0142\u0105cznie komercyjne.<\/strong><\/p>\n\n\n\n<p>Rejestracja pod numerem 77 457 74 04 lub przez serwis Znany Lekarz<\/p>\n\n\n\n<p><a href=\"http:\/\/www.znanylekarz.pl\/martyna-gizler\/pediatra-alergolog\/opole\">Um\u00f3w wizyt\u0119<\/a><\/p>\n\n\n\n<p><\/p>\n\n\n\n<h3 class=\"wp-block-heading\">Choroby, kt\u00f3rymi si\u0119 zajmujemy:<\/h3>\n\n\n\n<ul id=\"disease\" class=\"wp-block-list\">\n<li><a href=\"https:\/\/www.znanylekarz.pl\/choroby\/choroby-wieku-dzieciecego\/opole\">Choroby wieku dzieci\u0119cego<\/a><\/li>\n\n\n\n<li><a href=\"https:\/\/www.znanylekarz.pl\/choroby\/angina\/opole\">Angina<\/a><\/li>\n\n\n\n<li><a href=\"https:\/\/www.znanylekarz.pl\/choroby\/zapalenie-oskrzeli\/opole\">Zapalenie oskrzeli<\/a><\/li>\n\n\n\n<li><a href=\"https:\/\/www.znanylekarz.pl\/choroby\/infekcje-drog-oddechowych\/opole\">Infekcje dr\u00f3g oddechowych<\/a><\/li>\n\n\n\n<li><a href=\"https:\/\/www.znanylekarz.pl\/choroby\/zapalenie-pluc\/opole\">Zapalenie p\u0142uc<\/a><\/li>\n\n\n\n<li><a href=\"https:\/\/www.znanylekarz.pl\/choroby\/grypa\/opole\">Grypa<\/a><\/li>\n\n\n\n<li><a href=\"https:\/\/www.znanylekarz.pl\/choroby\/przeziebienie\/opole\">Przezi\u0119bienie<\/a><\/li>\n\n\n\n<li><a href=\"https:\/\/www.znanylekarz.pl\/choroby\/ospa\/opole\">Ospa<\/a><\/li>\n\n\n\n<li><a href=\"https:\/\/www.znanylekarz.pl\/choroby\/alergia\/opole\">Alergia<\/a><\/li>\n\n\n\n<li><a href=\"https:\/\/www.znanylekarz.pl\/choroby\/rozyczka\/opole\">R\u00f3\u017cyczka<\/a><\/li>\n\n\n\n<li><a href=\"https:\/\/www.znanylekarz.pl\/choroby\/alergie-skorne\/opole\">Alergie sk\u00f3rne<\/a><\/li>\n\n\n\n<li><a href=\"https:\/\/www.znanylekarz.pl\/choroby\/astma\/opole\">Astma<\/a><\/li>\n\n\n\n<li><a href=\"https:\/\/www.znanylekarz.pl\/choroby\/atopowe-zapalenie-skory\/opole\">Atopowe zapalenie sk\u00f3ry<\/a><\/li>\n\n\n\n<li><a href=\"https:\/\/www.znanylekarz.pl\/choroby\/alergia-pokarmowa\/opole\">Alergia pokarmowa<\/a><\/li>\n\n\n\n<li><a href=\"https:\/\/www.znanylekarz.pl\/choroby\/alergiczne-kontaktowe-zapalenie-skory\/opole\">Alergiczne kontaktowe zapalenie sk\u00f3ry<\/a><\/li>\n\n\n\n<li><a href=\"https:\/\/www.znanylekarz.pl\/choroby\/biegunka\/opole\">Biegunka<\/a><\/li>\n\n\n\n<li><a href=\"https:\/\/www.znanylekarz.pl\/choroby\/dyspepsja\/opole\">Dyspepsja<\/a><\/li>\n\n\n\n<li><a href=\"https:\/\/www.znanylekarz.pl\/choroby\/infekcje-drog-moczowych\/opole\">Infekcje dr\u00f3g moczowych<\/a><\/li>\n\n\n\n<li><a href=\"https:\/\/www.znanylekarz.pl\/choroby\/infekcje-przewodu-pokarmowego\/opole\">Infekcje przewodu pokarmowego<\/a><\/li>\n<\/ul>\n\n\n\n<p><\/p>\n","protected":false},"excerpt":{"rendered":"<p>ALERGOLOGIA to najm\u0142odsza nasza specjalizacja, kt\u00f3r\u0105 od 1 kwietnia 2026 poprowadzi dr Martyn\u0105 Gizler.<\/p>\n","protected":false},"author":1,"featured_media":0,"parent":0,"menu_order":0,"comment_status":"closed","ping_status":"closed","template":"","meta":{"footnotes":""},"class_list":["post-174","page","type-page","status-publish","hentry"],"_links":{"self":[{"href":"http:\/\/nelmed.pl\/index.php\/wp-json\/wp\/v2\/pages\/174","targetHints":{"allow":["GET"]}}],"collection":[{"href":"http:\/\/nelmed.pl\/index.php\/wp-json\/wp\/v2\/pages"}],"about":[{"href":"http:\/\/nelmed.pl\/index.php\/wp-json\/wp\/v2\/types\/page"}],"author":[{"embeddable":true,"href":"http:\/\/nelmed.pl\/index.php\/wp-json\/wp\/v2\/users\/1"}],"replies":[{"embeddable":true,"href":"http:\/\/nelmed.pl\/index.php\/wp-json\/wp\/v2\/comments?post=174"}],"version-history":[{"count":14,"href":"http:\/\/nelmed.pl\/index.php\/wp-json\/wp\/v2\/pages\/174\/revisions"}],"predecessor-version":[{"id":745,"href":"http:\/\/nelmed.pl\/index.php\/wp-json\/wp\/v2\/pages\/174\/revisions\/745"}],"wp:attachment":[{"href":"http:\/\/nelmed.pl\/index.php\/wp-json\/wp\/v2\/media?parent=174"}],"curies":[{"name":"wp","href":"https:\/\/api.w.org\/{rel}","templated":true}]}}

<div id="pl-gb174-69f2703b2dbb5"  class="panel-layout wp-block-siteorigin-panels-layout-block" ><div id="pg-gb174-69f2703b2dbb5-0"  class="panel-grid panel-no-style" ><div id="pgc-gb174-69f2703b2dbb5-0-0"  class="panel-grid-cell" ><div id="panel-gb174-69f2703b2dbb5-0-0-0" class="so-panel widget widget_sow-editor panel-first-child panel-last-child" data-index="0" ><div
			
			class="so-widget-sow-editor so-widget-sow-editor-base"
			
		>
<div class="siteorigin-widget-tinymce textwidget">
	<p>ALERGOLOGIA to najmłodsza nasza specjalizacja, którą od 1 kwietnia 2026 poprowadzi dr Martyną Gizler.</p>
</div>
</div></div></div></div></div>


<p>dr Maryna Gizler o sobie:</p>



<p>Jestem absolwentką Akademii Medycznej im. Piastów Śląskich we Wrocławiu. Studia ukończyłam w 2009 roku. W 2010 roku rozpoczęłam pracę w Uniwersyteckim Szpitalu Klinicznym w Opolu w Oddziale Pediatrii prowadząc jednocześnie szkolenie specjalizacyjne. Dyplom pediatry uzyskałam w 2016 roku. Kolejnym krokiem było podjęcie szkolenia specjalizacyjnego z zakresu alergologii, egzamin zdałam w 2021 roku, od tego czasu pracuję w poradni alergologicznej USK w Opolu. Od początku podjęcia pracy zawodowej leczyłam pacjentów pediatrycznych w placówkach POZ. Ponadto w ostatnich dwóch latach przekazywałam swoją wiedzę z zakresu alergologii dziecięcej studentom Wydziału Lekarskiego Akademii Medycznej w Opolu. Nalezę do Polskiego Towarzystwa Alergologicznego. Stale poszerzam swoją wiedzę i umiejętności biorąc udział w licznych szkoleniach i konferencjach.</p>



<p><strong>Poradnia alergologiczna</strong> prowadzi diagnostykę i leczenie chorób alergicznych u dzieci oraz dorosłych. Postępowanie kliniczne opiera się na wytycznych Polskiego Towarzystwa Alergologicznego. Łączymy nowoczesne narzędzia laboratoryjne z indywidualnym planem terapii, którego nadrzędnym celem jest długotrwała kontrola objawów, ograniczenie ryzyka powikłań oraz poprawa jakości życia pacjentów.</p>



<p>Poradnia czynna będzie:</p>



<ul class="wp-block-list">
<li>Środy 16:00 &#8211; 19:00 (wizyty alergologiczne, pierwszorazowe)</li>



<li>Piątki 09:00 &#8211; 14:00 (wizyty kontrolne oraz pediatryczne)</li>
</ul>



<p><strong>Konsultacje wyłącznie komercyjne.</strong></p>



<p>Rejestracja pod numerem 77 457 74 04 lub przez serwis Znany Lekarz</p>



<p><a href="http://www.znanylekarz.pl/martyna-gizler/pediatra-alergolog/opole">Umów wizytę</a></p>



<p></p>



<h3 class="wp-block-heading">Choroby, którymi się zajmujemy:</h3>



<ul id="disease" class="wp-block-list">
<li><a href="https://www.znanylekarz.pl/choroby/choroby-wieku-dzieciecego/opole">Choroby wieku dziecięcego</a></li>



<li><a href="https://www.znanylekarz.pl/choroby/angina/opole">Angina</a></li>



<li><a href="https://www.znanylekarz.pl/choroby/zapalenie-oskrzeli/opole">Zapalenie oskrzeli</a></li>



<li><a href="https://www.znanylekarz.pl/choroby/infekcje-drog-oddechowych/opole">Infekcje dróg oddechowych</a></li>



<li><a href="https://www.znanylekarz.pl/choroby/zapalenie-pluc/opole">Zapalenie płuc</a></li>



<li><a href="https://www.znanylekarz.pl/choroby/grypa/opole">Grypa</a></li>



<li><a href="https://www.znanylekarz.pl/choroby/przeziebienie/opole">Przeziębienie</a></li>



<li><a href="https://www.znanylekarz.pl/choroby/ospa/opole">Ospa</a></li>



<li><a href="https://www.znanylekarz.pl/choroby/alergia/opole">Alergia</a></li>



<li><a href="https://www.znanylekarz.pl/choroby/rozyczka/opole">Różyczka</a></li>



<li><a href="https://www.znanylekarz.pl/choroby/alergie-skorne/opole">Alergie skórne</a></li>



<li><a href="https://www.znanylekarz.pl/choroby/astma/opole">Astma</a></li>



<li><a href="https://www.znanylekarz.pl/choroby/atopowe-zapalenie-skory/opole">Atopowe zapalenie skóry</a></li>



<li><a href="https://www.znanylekarz.pl/choroby/alergia-pokarmowa/opole">Alergia pokarmowa</a></li>



<li><a href="https://www.znanylekarz.pl/choroby/alergiczne-kontaktowe-zapalenie-skory/opole">Alergiczne kontaktowe zapalenie skóry</a></li>



<li><a href="https://www.znanylekarz.pl/choroby/biegunka/opole">Biegunka</a></li>



<li><a href="https://www.znanylekarz.pl/choroby/dyspepsja/opole">Dyspepsja</a></li>



<li><a href="https://www.znanylekarz.pl/choroby/infekcje-drog-moczowych/opole">Infekcje dróg moczowych</a></li>



<li><a href="https://www.znanylekarz.pl/choroby/infekcje-przewodu-pokarmowego/opole">Infekcje przewodu pokarmowego</a></li>
</ul>



<p></p>

<p>ALERGOLOGIA to najmłodsza nasza specjalizacja, którą od 1 kwietnia 2026 poprowadzi dr Martyną Gizler.</p>
